)/(-2))?
1
Suppose 6*s - 60060 = -27*s. What is the hundreds digit of s?
8
Suppose -3*q = -5*o + 7878, -4727 = -3*o - 0*q + 2*q. What is the thousands digit of o?
1
Suppose 0*c + c - 4 = 0. Suppose 4*l = -0 + c. What is the units digit of l?
1
Let r be 6/(-4)*(5 + -3). Let f be r/(-1 - 2/(-8)). Suppose 0 = -i - f*z + z + 5, 0 = -5*i - z + 39. What is the units digit of i?
8
Let z(u) = 2*u**2 + 38*u - 224. What is the hundreds digit of z(17)?
0
Let t be 2 + 213/(-3 + 0). Let w = t - -170. Suppose w = 4*n + 1. What is the units digit of n?
5
What is the units digit of -10 + 2 - 6678/(-7)?
6
Suppose -14*p - 20 = -13*p. What is the units digit of -3 + 5*((-168)/p + -2)?
9
What is the thousands digit of -15*-1*478/6?
1
Let z = -1358 - -2300. What is the units digit of z?
2
Let w = 76 - -39. Let g be 6 + ((-41)/(-410) - (-651)/(-10)). Let f = w + g. What is the tens digit of f?
5
Suppose -4*f = -4*x - 748, 3*x + 185 = 2*f - 186. Suppose -4*z + z = 5*m - f, 110 = 3*m + z. What is the tens digit of m?
3
Suppose 282 = 18*x - 17*x. What is the units digit of x?
2
Let f = -24 + 19. What is the units digit of f*(1 + (-30)/5)?
5
Suppose 4*l = 6*l - 14. Suppose -5*p = -2*p - 15. Suppose -l + p = -x. What is the units digit of x?
2
Let r(w) = -w**3 + 6*w**2 + w + 4. Let v be r(6). Let y = v + 38. What is the tens digit of y?
4
Let o = -21 - -2. Let t = o - -42. What is the units digit of t?
3
Let b(y) be the second derivative of y**3/2 - 2*y**2 + 10*y. Let t be (-2 + -13)*2/(-6). What is the tens digit of b(t)?
1
Suppose 0 = -2*l + 4*l - 42. Suppose 2*u + l = 4*c + 5, 5*c - 27 = -u. Let k(s) = 4*s**3 + 3*s**2 - 1. What is the units digit of k(u)?
3
Let y(t) = 3*t**2 + t**3 - 1 + 3 + 6*t**2. Let l be y(-9). Suppose 2*k = -l*k + 48. What is the tens digit of k?
1
Let j(s) = -14*s + 4. Let v be j(-2). Let b = v - 5. What is the tens digit of b?
2
Let i = 866 + -531. Suppose 6*q + 23 - i = 0. What is the units digit of q?
2
Let i(l) = l**2 - l. Let v be i(0). Suppose 0 = 4*f - 5*d + 2*d - 148, v = -4*f + 4*d + 152. Suppose 2*o - f = 66. What is the units digit of o?
0
Suppose y = 2*w - 2871, -4*w + 3469 = 5*y - 2266. What is the hundreds digit of w?
4
Let v(j) be the first derivative of j**5/60 + j**4/12 + 2*j**3/3 - 4*j**2 - 4. Let a(o) be the second derivative of v(o). What is the tens digit of a(3)?
1
Suppose 10*u - 9017 = 33. What is the units digit of u?
5
Let z(l) = 0*l**3 - 3*l**2 + 4*l**2 + 3*l - 2*l**3 + 3*l**3. What is the units digit of z(2)?
8
Suppose x - 36 = 14. Suppose 2*d - x = -0*d. Let j = d + -18. What is the units digit of j?
7
Suppose 0 = 5*f - 20, 0*v - 2*v = 3*f - 44. Let i = v - 5. Suppose i*b = 6*b + 155. What is the units digit of b?
1
Let f(n) = n**3 - 2*n**2 - 2*n - 5. Suppose 3*u + u - 20 = 0. Let v be f(u). Suppose 0 = -4*p + 7*p - v. What is the tens digit of p?
2
Let g be ((-132)/10)/((-3)/40). Let b be g/40 - 2/5. Suppose b*z = -z + 20. What is the units digit of z?
4
Suppose 18 - 3 = -3*n, -3*n + 10545 = 3*l. What is the hundreds digit of l?
5
Let o = -404 + 408. Suppose v + 20 = 3*v. Suppose -v = -o*d + 30. What is the tens digit of d?
1
Let f(r) = -257*r + 196. What is the units digit of f(-3)?
7
Let k be (8 + -12)*(-5)/4. Suppose 24 = -4*w + k*w + 4*y, 0 = -2*w - y + 13. Let t = w - -19. What is the units digit of t?
3
Suppose -13748 = -19*u + 36849. What is the hundreds digit of u?
6
Let f(l) = -l**3 - l**2 - l - 2. Let k be f(-2). Suppose -4*h = 2*y - k, 0*y = 2*y + 4. What is the units digit of (-4 - -2)/(-4)*h?
1
Let w be 2/((-8)/(-644)) + -1. Suppose 2*z = -3*z + t + 345, -4*t = 2*z - w. What is the tens digit of z?
7
Let i(z) = 7*z**3 + 4*z - 22*z**3 - 5*z**2 + 13*z**3. What is the units digit of i(-4)?
2
Let v(n) = -n**3 + 13*n**2 - n + 2. Let p be v(12). Suppose -u = 4*l - p, 5*l + 189 = u + 19. What is the tens digit of u?
5
Let q(u) be the first derivative of -7*u**4/4 - 7*u**3/3 - u**2 + 2*u + 9. What is the tens digit of q(-2)?
3
Suppose 6*k = 4*k + 8*k. Suppose k = -l + 1, 3*i - 235 = -2*l + 4*l. What is the units digit of i?
9
Suppose 2*g = 0, -5*y + 10*y - 435 = -2*g. Let c = 301 + -304. What is the tens digit of (y/3 - c) + 2?
3
Let d be 2/5 + (-126)/(-35). Let k = d - 2. What is the units digit of k?
2
Let v = 279 - 91. Suppose -6*d + v = -166. What is the tens digit of d?
5
Let v(b) = -b**3 + 2*b**2 - 3*b - 6. Let o(i) = -i**3 + 3*i**2 - 2*i - 5. Let x(t) = -4*o(t) + 3*v(t). Let w be x(6). What is the units digit of (10 + w)*12/9?
8
Let b = 449 - 297. What is the hundreds digit of b?
1
Let b(q) = 35*q**2 + 57*q - 69. What is the thousands digit of b(8)?
2
Let f = -37 - -67. What is the tens digit of 135/f*124/6?
9
Let h(a) = a**2 - 7*a - 11. Let c be h(9). Suppose 5 + c = 4*x. Suppose f - 23 = -x*b + 1, -4*b + 58 = 2*f. What is the units digit of f?
9
Let c = -30 + 130. Suppose -3*s = s - c. What is the units digit of s?
5
Let d(f) = -27*f + 115. What is the hundreds digit of d(-49)?
4
Suppose -8 = -4*k, 24*w - 27*w + 9930 = 3*k. What is the hundreds digit of w?
3
Let t = -423 + 734. What is the hundreds digit of t?
3
Let z(o) = -o**2 + 32*o + 29. Let v be 384/21 + (-2)/7. What is the tens digit of z(v)?
8
Suppose 4*s - 325 + 21 = 0. Suppose -4*w + 496 = s. What is the units digit of w?
5
Suppose -438 = -3*l - 3*p, 2*l = -p - 69 + 365. Suppose -3*r + l = -g, -2*g + 0*g = 0. What is the units digit of r?
0
What is the tens digit of (3/4*11)/((-1)/(-4))?
3
Let w be (-2)/(-4) - (-117)/18. Suppose 8*y - 67 = w*y. What is the tens digit of y?
6
Let c = -96 - -145. What is the units digit of c?
9
Let f(t) = -2*t - 3. Let k be f(-1). Let c be ((-5)/2)/(k/2). Suppose -5*h + 180 = 5*m, 4*h = c*m + 48 + 132. What is the units digit of h?
0
Suppose 2*a - 7*a = -5*z + 20, 4*z - 12 = 0. What is the units digit of a/(1 + 408/(-402))?
7
Let n(v) = 9*v - 2. Let w be n(-2). Let p = 23 + w. Suppose -p*h = -4*h + 3. What is the units digit of h?
3
What is the tens digit of -5*(-15)/((-375)/(-1280))?
5
Suppose -2*h = 5*z + 49, -9 = 4*z + 2*h + 31. Suppose 4*k - 51 = k. Let d = k - z. What is the tens digit of d?
2
Suppose 0 = 2*x - 13 - 37. Let t(n) = 17*n + 25 - x. What is the tens digit of t(1)?
1
Let s be (-5)/20 + (-350)/8. Let n = s - -102. What is the units digit of n?
8
Suppose 0*s = 2*o - 5*s - 191, 3*o - 295 = -s. Suppose 22*i - o = 20*i. What is the units digit of i?
9
Suppose 4*z + 2*t - 947 = 895, 3*t = 4*z - 1847. Suppose 5*u + 21 - z = 0. What is the tens digit of u?
8
Let y = 2114 + 1236. What is the hundreds digit of y?
3
Suppose 83*k - 74*k - 4824 = 0. What is the hundreds digit of k?
5
Suppose 0 = 5*s + 89 - 399. Suppose -r = -k + 2*r + s, -2*r = 6. What is the units digit of k?
3
Let i(m) = m**3 - 8*m**2 + 6*m - 3. Let q be i(7). Let d(g) = -5*g + 5. Let c be d(q). Let r = 5 + c. What is the units digit of r?
0
What is the hundreds digit of 366 + -4 + -9 + 17?
3
Let r(x) = x**3 + 5*x**2 - 8*x - 8. Let c be r(-6). Let i(d) = 1 + c*d**2 - 2 - 3*d**2. What is the units digit of i(-3)?
8
Let l(h) = 9*h**3 - 3*h**2 + 9*h - 60. What is the hundreds digit of l(4)?
5
Let l(h) = 3*h**3 - 6*h**2 + 5*h + 2. Let b = -55 - -58. What is the tens digit of l(b)?
4
Let k(s) = 2*s**3 + s**2 + 3*s + 3. Let c be k(3). Let z = c - 52. What is the units digit of z?
3
Suppose -4*i + w - 4*w = -25, -10 = -i - 2*w. Suppose -4 = s - 0*s, 4*s = i*o - 52. What is the units digit of o?
9
Let v be 5 - 0/(5 + -1). Suppose 5*a = -k + 144 + 276, -v*a - 3*k = -410. What is the units digit of a?
5
Suppose 8 + 13 = 3*u. Suppose -3*c - w + u = -2*c, 2*c + 4*w - 18 = 0. Suppose -3*i - 119 = -c*t, -i + 85 = 5*t - t. What is the tens digit of t?
2
What is the hundreds digit of (-2 - (-4978)/14) + (-3)/(-7)?
3
Suppose 0 = -3*j + 12, -2*y + 3 = -3*y + 2*j. Suppose 0 = d + 5*b - 64, 7*b = y*d + 3*b - 291. Suppose -4*l - d = -163. What is the tens digit of l?
2
Suppose 5*v = 2*b - 3386 - 3464, -4*v = 2*b - 6850. What is the hundreds digit of b?
4
Let p(y) be the first derivative of 2*y**2 + 96*y - 3. Let n(g) = -2*g - 48. Let d(k) = 7*n(k) + 4*p(k). What is the units digit of d(0)?
8
Let v = 15 - -9. Suppose 2*o = 0, -11 = x + 3*o + 2*o. Let f = x + v. What is the tens digit of f?
1
What is the hundreds digit of (-41256)/(-14) + 156/(-182) + 3?
9
